t are the prime factors of m(36)?
3, 47
Let a = 2251 + -1402. What are the prime factors of a?
3, 283
Let c(y) = 20 - 2*y**2 - 20 + 31*y - 17. What are the prime factors of c(13)?
2, 3
Let z(k) = 19*k**2 + 67*k - 449. List the prime factors of z(8).
1303
Suppose -5*y + d = -y + 90, -y = d + 25. Let c = y - -28. What are the prime factors of c?
5
Suppose 0 = 3*a - 5*v + 53, -5*a = v + 3*v + 113. What are the prime factors of (-2)/(-6) - 2408/a?
5, 23
Let s(j) be the third derivative of -j**4/12 - 19*j**3/6 - 97*j**2 - j. Suppose 0 = 3*h - 8 - 7, 4*h + 44 = -4*k. List the prime factors of s(k).
13
Suppose 4*x + 747 - 2383 = -4*m, -4*m + 1645 = x. List the prime factors of m.
2, 103
Suppose -3*m + y = -29, 4*m - 2*m - 3*y - 24 = 0. Suppose 4*t = 3*t - m. List the prime factors of 2*t*32/(-12).
2, 3
List the prime factors of 1*(378 + 1) - (-100 + 98).
3, 127
Suppose -30 = -2*f - 3*f. Let y = f - 3. Suppose 0*c - y*c = -114. What are the prime factors of c?
2, 19
Let p = 6153 - 2272. What are the prime factors of p?
3881
Let w be (-3 + 5 - 5) + 2. Let l be (-3 + 5)*12 + w. Suppose -y - l = -56. List the prime factors of y.
3, 11
Suppose 16*z = 14*z - 3*o + 261, o + 408 = 3*z. List the prime factors of z.
3, 5
Let k(f) = f**3 - 2*f**2 + 10*f + 12. What are the prime factors of k(13)?
3, 23, 29
Let i = -16 + -8. Let b be (11/22)/((-2)/i). List the prime factors of 220/8 - (-3)/b.
2, 7
Let m(l) = -l**3 + 16*l**2 - 10*l + 10. List the prime factors of m(15).
5, 17
Suppose -6*x = -4*b - 10*x + 348, 5*x + 384 = 4*b. List the prime factors of b.
7, 13
Suppose 19*a = 11*a + 2936. List the prime factors of a.
367
Let w(f) = f**2 - f + 7. Let r(m) = -4*m - 15. Let y be r(-6). What are the prime factors of w(y)?
79
Let i(w) = w**3 - 5*w**2 - 6*w + 8. Let n be i(6). Let j = n + -11. Let b(h) = -h**3 + h**2 + 2*h - 3. What are the prime factors of b(j)?
3
Let n(k) = -23*k + 517. What are the prime factors of n(-50)?
1667
Let m(s) = 2*s**3 + 2*s**2 - s. Let g be m(1). Suppose -4*u + 665 = g*u. List the prime factors of u.
5, 19
Let w(k) = 13*k - 11. Let y be w(11). Suppose -2*i = 2*i - y. Let v = -19 + i. List the prime factors of v.
2, 7
Let s = 621 + 169. List the prime factors of s.
2, 5, 79
Suppose 62*y - 63*y = 50. Let h = y + 110. List the prime factors of h.
2, 3, 5
Suppose 4*g + 2*c = 18, -2*g - g + c = -16. Suppose 0 = a + g*p - 33, -p - p = 3*a - 47. List the prime factors of a.
13
Let j(b) = 40*b + 60. What are the prime factors of j(6)?
2, 3, 5
Let n(i) = i**3 + 2*i**2 + 2*i + 4. Suppose -5*k + 5 = -10. Let z be n(k). Suppose 3*g - z = -c - 3*c, 3*g + 41 = 2*c. What are the prime factors of c?
2
Let i = -229 - -532. What are the prime factors of i?
3, 101
Let s be (-2 - 0)/(-3*(-5)/(-120)). Suppose -30 = -z + s. What are the prime factors of z?
2, 23
What are the prime factors of (-80)/(-4) + (-9)/(-3)?
23
Let b be 196/(-35) + 6 - 26/(-10). Suppose 11*s - x = 9*s + 287, -4*s - b*x = -559. What are the prime factors of s?
2, 71
Let q(v) = -14*v - 3. Let h be q(-2). Suppose -h = 5*o, 0 = -0*t - 3*t - 3*o + 120. List the prime factors of t.
3, 5
Suppose 2*q + 5*y = -5 + 10, 3*q + y - 14 = 0. Let l = 9 - q. List the prime factors of 12/l + 4 + 32.
3, 13
Suppose 8*a - 3*a - 120 = 0. Suppose -4*t = -i - 12, i + 4*i - a = -t. Suppose 4*y - 92 = t*m - 8*m, 5*y + 74 = 4*m. What are the prime factors of m?
3, 7
Suppose 2*d + 3*n = 8329, 5*n + 5 = 6*n. What are the prime factors of d?
4157
Suppose -t + 2*r + 217 = 0, 5*t - 6*r + 2*r = 1079. Let k be (-9)/(-27) + t/3. Suppose -j + 5*j - k = 0. What are the prime factors of j?
2, 3
Suppose 6*f - 5*m = 3*f + 375, -5*f + 2*m + 644 = 0. What are the prime factors of f?
2, 5, 13
Let p be (-21)/(-6)*(-12)/(-7). Let u = 25 - p. Let x = 29 + u. List the prime factors of x.
2, 3
Suppose 0 = -5*u - 7 + 17. Let m = u - 3. What are the prime factors of ((-8)/(-16))/(m/(-74))?
37
Let o be 1/9*-2 - 106148/153. List the prime factors of (54/4)/(-9) - o/4.
2, 43
Let c be ((-39)/4)/(15/60). Let a = c - -59. List the prime factors of a + ((-48)/(-4))/(-4).
17
Let y be (-2)/(-2)*-4 - 2286/(-6). Let s = y + -236. List the prime factors of s.
3, 47
Let r(h) = h**2 + 14*h + 8. Let i be r(-8). What are the prime factors of (i/(-3))/(12/18)?
2, 5
Let q = -3623 + 2216. What are the prime factors of ((-20)/(-35))/((-6)/q)?
2, 67
Suppose 5 = 5*x, 3*q = x + 90 - 55. List the prime factors of q.
2, 3
Suppose 46 + 17 = 3*a. Suppose -3*r + a + 0 = 0. Suppose l - 5*i - r = -4*i, -5*l - 2*i = 0. List the prime factors of l.
2
Suppose 66*u - 59*u = 9723. List the prime factors of u.
3, 463
Suppose 6*k = k - 20. Let w(t) = 7. Let r(x) = x + 6. Let s(c) = k*r(c) + 3*w(c). What are the prime factors of s(-10)?
37
Let a be 0*((-28)/(-12) + -2). Suppose a = -5*z + 6*z - 16. List the prime factors of z.
2
Suppose 0 = r - 11 + 1. Suppose 3*w = r + 8. Let h = 3 + w. List the prime factors of h.
3
List the prime factors of 1354 - ((-44)/14 + 43/301).
23, 59
Suppose -15 = -2*y - 3*b + 21, 0 = 3*y - 5*b - 92. Let f = 63 + -59. Suppose -y = -5*h - f. What are the prime factors of h?
2
Let y = 14 - 11. Let z(b) = b**2 + 24*b**3 + 0*b**2 + 2*b**3 + 1 - 3*b**y - b. What are the prime factors of z(1)?
2, 3
Suppose -1081 = 71*l - 17269. List the prime factors of l.
2, 3, 19
Let v = 20 - 13. Suppose v*b - 99 = 34. What are the prime factors of b?
19
Suppose -5*i + 23 = -3*u, -2*i = 2*i - 16. Let a(j) = -5*j**3 - 2*j**2 - j. Let x be a(u). Suppose -11 - 5 = -x*d. List the prime factors of d.
2
Let t = 24 - -586. What are the prime factors of t?
2, 5, 61
Suppose 3*b - v - 12 = 0, -3 = -3*v - 12. Suppose -b*c = 3*y - 1 + 10, 31 = 3*c - 5*y. Suppose 0 = -0*n + c*n - 62. List the prime factors of n.
31
Let w = -3949 - -6668. List the prime factors of w.
2719
Let t be (-12)/48 + 1/4. Suppose t = -4*y + 2*y - 36. Let q = 0 - y. What are the prime factors of q?
2, 3
Let c(o) = 27*o**2 + 6*o - 3. Let l(g) = -54*g**2 - 13*g + 6. Let r(n) = 9*c(n) + 4*l(n). What are the prime factors of r(2)?
109
Suppose -4*o + 51 = -o. Suppose -2*n + 4*a = -n - o, 4*n = -a - 17. List the prime factors of 13 - n*2/(-6).
2, 3
Suppose j - 4*z = 1724, -4*j - 5087 = -7*j - 5*z. List the prime factors of j.
2, 3, 71
Let u(x) = x**2 + 16*x + 57. Let q be u(-11). Suppose -s - z + 20 = q*z, 124 = 5*s + 3*z. What are the prime factors of s?
2, 13
Let u be (-3 - 1)*(-16 + 15). Suppose 9 = u*a - 3. Suppose 2*z - a*i = -i + 110, -196 = -4*z - 2*i. What are the prime factors of z?
3, 17
Let c = -497 + 840. What are the prime factors of c?
7
Let a = -3 + 3. Suppose 2*t - 3*t + 15 = a. Suppose 5*s = -3*q + 35, -2*s + t = -5*s. List the prime factors of q.
2, 5
Let l = 2 - 0. Let f(g) = 0*g - 1 + l - g. What are the prime factors of f(-10)?
11
Let l(o) = 2*o**2 + 5*o - 2. Let m be l(-4). What are the prime factors of 25/10*204/m?
3, 17
Let u(x) = x**2 - 18*x + 25. Let o be u(10). Let f = 61 + o. List the prime factors of f.
2, 3
Suppose -16*v + 5134 = v. Suppose -6*l - v + 1562 = 0. What are the prime factors of l?
2, 3, 5, 7
Suppose -56 = -4*h - 20. Let g(t) = t**2 - 8*t + 11. Let n be g(h). List the prime factors of n/3*24/20.
2
Suppose -4*b - 30 = -6*b. Suppose 3*g - b = -2*c + 96, -5*c - 4*g = -260. Suppose 5*s - d = c, -5*s + 4*d + 32 = -s. List the prime factors of s.
2, 5
Let r(k) = -k**2 + 12*k + 3. Let h be r(7). Let x be (-22)/33*42/4. Let o = h + x. What are the prime factors of o?
31
Let l(y) be the first derivative of -3*y**2/2 - 17*y - 1. Let q be l(-7). Suppose -q*p - 4*j = -192, -3*j + 4*j + 102 = 2*p. List the prime factors of p.
2, 5
Let b(v) = v**3 + 20*v**2 + 17*v - 40. Let r be b(-19). What are the prime factors of 177 + r + (-3)/(-1)?
2, 89
Let j be 18/((-16)/72*1/10). What are the prime factors of (1 - -1)/((-15)/j)?
2, 3
What are the prime factors of (-36)/28*(-70)/15 - -4?
2, 5
Let j(h) = h - 4 + 7 - 2 + 3. Let a be j(-2). Suppose b = -a*b + 36. What are the prime factors of b?
2, 3
Let x(u) = -u**3 + 18*u**2 + 20*u - 15. Let m be x(19). Let v = m - -28. List the prime factors of v.
2
Let n(w) = -w - 5. Suppose -8 = r - 2. Let h be n(r). List the prime factors of ((-12)/(-16))/(h/36).
3
Let z(g) = g**3 + 12*g**2 + g + 15. Let k be z(-12). Suppose -3*u + 18 = 3*v, -17 = -2*u - 